 2*k**3 + 12 - k**3 - 11*k. What is the units digit of f(18)?
9
Let a(f) = -23*f + 1. Let u(s) = -34*s + 1. Let q(r) = 8*a(r) - 5*u(r). Let m be q(2). Let i = 51 + m. What is the units digit of i?
6
Let g be 1 - 4 - (-7 - -9). Let s be -2 - g/10*10. Suppose 2*i + 74 = s*i. What is the tens digit of i?
7
Let q(v) = 159*v**2 + 4*v - 4. What is the units digit of q(1)?
9
Let i(o) = -o**3 + o**2 - o - 2. Let j be i(0). Let q be -1 - 1 - (j + 0). Suppose -2*v - 61 = -3*n - 0*v, 3*n + 3*v - 81 = q. What is the units digit of n?
3
Let f be (-16)/64 + (-66)/(-8). Let g(i) = -i**2 + 11*i + 1. Let q be g(f). What is the tens digit of (-3)/(1 - q/22)?
2
Suppose -8*h + 24 = -4*h. Let a(v) = -v**3 + 11*v**2 - 3*v + 14. What is the tens digit of a(h)?
7
Suppose 0 = l + t + 6 - 0, 4*t = -16. What is the tens digit of l/(-7) + 682/14?
4
Suppose 3*j - 20 = -2*i, 0*j + 3*i + 21 = 4*j. Let p(z) = -2*z - j*z**2 + 7*z**2 - 2*z - 8. What is the tens digit of p(10)?
5
Let r(a) = -a**3 - 7*a**2 + 38*a + 25. What is the thousands digit of r(-17)?
2
Let u = -150 + 54. Let x = 158 + u. What is the units digit of x?
2
Let g(z) = 20*z - 44. What is the hundreds digit of g(9)?
1
Let y be (-3)/(1/(-4)*-6). Let g be 1/y + (-21)/(-6). What is the units digit of 57/12 - g/(-12)?
5
Suppose -5*m - 60 = 3*v, -3*m - 2*v = -4*v + 17. Let t(u) = -2*u + 1. What is the units digit of t(m)?
9
Suppose 0*m + 364 = -4*m. Let b = m - -148. What is the tens digit of b?
5
Suppose n - 2*j - 440 = 0, 0*j - 1 = j. What is the tens digit of n?
3
Suppose 4*w = -4 - 4. Let k = w + -6. What is the tens digit of k/(-1 - 6/(-9))?
2
Let k(t) = -t**2 - 11*t - 21. Let z be k(-8). Suppose -z*j - o = -672, o + 889 = -0*j + 4*j. What is the units digit of j?
3
Let s = -4 + 8. Suppose 0 = -s*i - c + 265, i + 0*c = c + 65. Let g = -44 + i. What is the tens digit of g?
2
Let t(z) = -25*z + 18. Let u be t(-6). Suppose 4*f + 0*f - u = -4*x, 3*x - 34 = -f. What is the tens digit of f?
4
Let y = 12003 - 7431. What is the hundreds digit of y?
5
Let d be (-1 - -31)*(2268/(-15))/(-7). Let n = d + -435. What is the units digit of n?
3
Let c(j) = -j**2 + 12*j + 14. Let s be c(18). Let r = 162 + s. What is the units digit of r?
8
Suppose -37 = -m + 194. What is the hundreds digit of m?
2
Let j be 6*3/99 - (-192)/33. Let d(k) = 8*k + 5. What is the tens digit of d(j)?
5
Let k be (-55)/22*8/(-10). Suppose o + 25 = -4*c, -c = -o - k*c - 19. What is the units digit of ((-816)/o)/((-6)/(-8))?
4
Suppose 0 = -k + 2 - 8. What is the units digit of (3213/k)/3*(-16)/12?
8
Let y be 7/(-3)*(4 + -7). Suppose -x = -y*x + 18. Suppose -3*h + 102 = x*w, -2*h + 16 + 14 = w. What is the units digit of w?
8
Let c(m) = m**2 + 4*m + 8. Let k be c(-3). Suppose 6*y + 20 = 2*z + y, 5*z - 65 = k*y. What is the tens digit of z?
1
Let z = 349 - 139. Suppose z = 7*n - 4*n. What is the units digit of n?
0
Let m be -347 - 4/((-16)/(-12)). Let r be (m/(-21))/((-2)/(-3)). What is the units digit of 0 + 0 - (2 - r)?
3
Let c = 989 - -726. What is the tens digit of c?
1
Let z(d) = 6*d**2 - 8*d**2 + d**2 + 25*d + 11. What is the tens digit of z(24)?
3
Let z(c) = -6*c**3 - c**2 - 12*c - 9. What is the tens digit of z(-5)?
7
Let x(z) = 74*z - 10. Let t be x(4). Let g = t - 76. What is the hundreds digit of g?
2
What is the hundreds digit of (3/(-2))/((-19)/((-635360)/(-24)))?
0
Suppose 15 = 5*l, 4*d + l - 4*l - 3 = 0. Let n(s) = 4*s**2 + 20*s + 36. Let j be n(-2). Suppose d*t + 207 = 4*m, 42 = m - 3*t - j. What is the tens digit of m?
5
Let a be ((-3)/3 - -48 - -2)/(-1). Let n = 72 + a. What is the units digit of n?
3
What is the units digit of (57964/(-129))/((12/9)/(-2))?
4
What is the tens digit of (8721/17)/(0 - -1)?
1
Let g(n) = n**3 - 2*n**2 + n - 6. Let v be g(0). What is the tens digit of -24 + 297 + (v - -1)?
6
Suppose -3*f + 8 = f. Suppose -4*i = 5*k - 14, f*i - 4*k + 0 = -6. What is the units digit of (-3)/((-3 + i)/2)?
3
Let y(j) = -j**3 + 19*j**2 - 2*j + 12. Let d be y(19). What is the units digit of (-9)/6 - d/4?
5
Let z(d) = -9*d + 131. What is the hundreds digit of z(-34)?
4
Let m(k) = -k - 2. Let s(f) = f - 8. Let p be s(-2). Let g be m(p). What is the tens digit of 6/g + (-2145)/(-52)?
4
Let m(n) = 7*n**3 - 16*n**2 + 6*n - 12. Let x(i) = 6*i**3 - 15*i**2 + 5*i - 11. Let c(t) = 5*m(t) - 6*x(t). What is the tens digit of c(9)?
8
Suppose 4*i = -10 + 18. Suppose 0 = i*h + 3*h - 35. What is the units digit of h?
7
Suppose q = 3*q + 8, -2*y + 560 = 2*q. What is the tens digit of y?
8
Let j(l) = -l**2 + 25*l + 3. Let x(d) = 6*d + 1. Let o(k) = -2*j(k) + 9*x(k). What is the units digit of o(-1)?
1
Let n(r) = r**2 + 10*r + 11. Let j be n(-9). Suppose -2*a + 7 = j*h - 33, -4*a - 2*h + 82 = 0. What is the units digit of a?
1
Suppose 5*k = -2*r + 5*r + 5629, -3*k = -5*r - 3387. What is the units digit of k?
4
Let o(j) = j**3 + 24*j**2 + 42*j - 68. What is the tens digit of o(-21)?
7
Let r(x) = x**3 + 7*x**2 + 4*x - 1. Let w be r(-5). Let v(b) = -45*b - 1. Let g be v(-2). Suppose -g + w = -3*l. What is the units digit of l?
0
Let i = 962 + 11. What is the units digit of i?
3
Let l(b) = b**3 - 20*b**2 + b - 45. What is the thousands digit of l(23)?
1
Let g be -6*(-15)/6*-1. Let i(a) = a**3 + 14*a**2 - 18*a + 9. What is the units digit of i(g)?
4
Let z = -2015 - -3939. What is the tens digit of z?
2
What is the units digit of (-935)/(-5)*(5 + -4)?
7
Suppose 22 = 2*p - 342. What is the tens digit of p?
8
Let c be (-9)/(-18)*(0 + 8). Let y be ((-2)/c)/((-3)/(-18)). What is the tens digit of ((-13)/y)/((-5)/(-45))?
3
Let n(h) be the first derivative of -3*h**2/2 - 10*h + 6. What is the units digit of n(-4)?
2
Let a = 4682 + -1413. What is the units digit of a?
9
Let s be (-4)/(-10) + 0 + (-90)/(-25). What is the units digit of -4*(3/(-4) - s) + -3?
6
Let s = -59 - -44. What is the tens digit of 57/(-6)*s + (-4)/(-8)?
4
Let r(k) = k**2 + 16*k - 74. What is the hundreds digit of r(18)?
5
Suppose 3*d - 3*i - 1464 = 0, -111 = 5*d - i - 2567. What is the tens digit of d?
9
Let w = 7 + -6. Let u = w - 10. What is the units digit of (u/(-6))/(3/2)?
1
Let d(s) = -s**3 - 4*s**2 + 9*s - 9. Let f be d(-7). Suppose 291 - f = -4*u. Let r = u - -75. What is the tens digit of r?
2
Let c be -4 - (-55)/(-22)*2*-1. Let p(w) = 59*w + 5. What is the units digit of p(c)?
4
Let u(f) be the third derivative of f**5/60 + f**4/24 - 15*f**3/2 - 5*f**2. What is the tens digit of u(14)?
6
Let t be 5 + -1 + (-25 - -18). Let a(d) = 8*d**2 + 9. Let c(n) = -n**2 + n - 1. Let p(g) = a(g) + 2*c(g). What is the tens digit of p(t)?
5
Let r = 5 + 0. Suppose 6*j - 35 = 2*j - 3*u, -3*u + 46 = r*j. What is the units digit of j?
1
Let j be (-16)/16 - 11*-2. Suppose -20*i + j*i = 162. Suppose -5*c = m - 28, 4*m + 3*c - i = -16. What is the units digit of m?
8
Let r = 262 + -162. What is the units digit of r?
0
Let d = -2155 + 2591. What is the tens digit of d?
3
Let g = 41 + -26. Let o(q) = -q**2 + 14*q + 18. Let z be o(g). Suppose 5*s = z*y + 84, 4*y + 28 = s + s. What is the units digit of s?
8
Suppose -52 = -0*u - 2*u - 2*b, u - 3*b = 14. Let f = 47 - u. What is the tens digit of f?
2
Let r(h) = -h**3 - 15*h**2 - 16*h + 20. Let j be r(-14). Suppose -3*d + 7*d = j. What is the tens digit of d?
1
Suppose 0 = 5*v - 13 - 7. Let z be (-12)/48*v/1. What is the units digit of (1 - (-2)/z)*-29?
9
Let i(n) = n**2 + n + 1. Let h(v) = 10*v**2 + 6*v + 14. Let s(t) = -h(t) + 12*i(t). What is the tens digit of s(5)?
7
Suppose -13*c = -497 - 205. Let g = 16 + -31. Let t = g + c. What is the tens digit of t?
3
Suppose -214 = 3*g + 158. Let k = -96 - -24. Let z = k - g. What is the tens digit of z?
5
Let w = -162 + 28. Let u = w + 207. What is the tens digit of u?
7
Suppose 464 = -6*o - 364. Let n = -83 - o. What is the tens digit of n?
5
Let i = 319 + -111. What is the units digit of i?
8
Suppose -2*h + 19 = -3*g, -2*h + 0*g = 4*g + 2. Let d = h - -33. What is the units digit of d?
8
Let m = 199 + -195. Suppose 2*l = -4*w + 54, -2*w + 3*l + 14 = -17. What is the tens digit of (-200)/(-14) - m/w?
1
Suppose 5*c - 4*b = 110, -2*c - 4*b + 1 = -15. Let r = 17 - c. What is the units digit of 38 + 1 + r + -4?
4
Let h(z) = -48*z + 6. Let t be h(1). Let x = 290 + t. What is the hundreds digit of x?
2
Suppose 2 = -3